((-8)/5)/(6/v)?
8
Suppose 1 - 16 = -r. Suppose -h + c = 2*h - 195, 5*c - r = 0. What is the units digit of h?
6
Let w be (-648)/(-5) + 6/15. Suppose 0 = -5*u - n + 301, 0*u = 2*u - 2*n - w. What is the units digit of u?
1
Let c = 1173 + -894. What is the units digit of c?
9
Let u(k) be the third derivative of -5*k**4/24 - 5*k**3/6 + 11*k**2. What is the tens digit of u(-5)?
2
Let q(w) = w**2 + 21*w - 19. Let v be q(-22). Suppose 2*c - 50 - 83 = 3*h, -v*h - 346 = -5*c. What is the tens digit of c?
7
Let c(g) = 10*g + 9. Let n = -14 - -18. Let v be c(n). Suppose -2*r = -2, -s + v = s - 3*r. What is the units digit of s?
6
Let y be (-615)/5 + (0 - -4). Let b = y + 190. What is the tens digit of b?
7
What is the thousands digit of 223560/140 + 1/7?
1
Suppose b + 4 = -4*b + 2*o, b - 10 = -5*o. Suppose b = 2*k - 41 - 13. What is the tens digit of k?
2
Let s(a) = -a**3 - 9*a**2 - 5*a + 4. Let y be s(-9). Let h = y - 33. What is the units digit of 1/(4/h) + -1?
3
Suppose -1436 = -21*b + 4003. What is the hundreds digit of b?
2
Suppose -2847 + 19335 = 24*f. What is the hundreds digit of f?
6
What is the hundreds digit of (-215 + 141)/((-1)/55)?
0
What is the tens digit of 6/4*(-4 + (-10630)/(-15))?
5
Let o(v) = 3*v**2 + v - 2. Let w be o(2). Let k = w + -6. What is the units digit of k?
6
Suppose -8*k = -2134 - 2578. What is the units digit of k?
9
Suppose 0 = -5*t + 10, 5*m + 333 = -4*t + 2116. What is the units digit of m?
5
Suppose 2*q - 18 = -16. Suppose -s - 3*z + z - 11 = 0, -2*z - 1 = -s. What is the units digit of (-896)/(-20) - q/s?
5
Let y(q) = -q**2 - q. Let d(c) = -2*c**2 + 4*c - 1. Let w be (-56)/12 - 1/3. Let b(i) = w*y(i) - d(i). What is the tens digit of b(-2)?
2
Suppose 0*s - 4*s + 80 = 0. Suppose 4*m - 2*m = s. Let c = m + 8. What is the units digit of c?
8
Let b = -67 - -123. Suppose b = 2*y - 108. What is the tens digit of y?
8
Suppose -w + 97 = -649. What is the tens digit of w?
4
Suppose 308 + 376 = 3*y. Suppose 0 = 2*b - 6*b + y. Let h = b - 29. What is the tens digit of h?
2
Let q(x) = -4*x**2 + x - 2. Let z(w) = -2*w + w + 0*w**2 + w**2. Let j(a) = q(a) + 5*z(a). What is the units digit of j(5)?
3
Let b(w) = w**2 - 13*w + 22. Let v be b(5). What is the tens digit of (-2210)/v + -1 - 10/(-45)?
2
Suppose -y - i = 5, -2*i = -2*y + 5*y + 19. Let r(g) = 6*g + g**2 + 6*g**2 + g**3 + 5*g**2 - 2*g**2. What is the tens digit of r(y)?
2
Let f(t) = t**3 + 4*t**2 - 2*t - 6. Let b be f(-4). Suppose 5*o + 38 = 2*d, -5*o + 27 = 5*d + b. Suppose d = u - 4. What is the units digit of u?
3
What is the tens digit of 2/2 + 577 + -4?
7
Let d(m) be the first derivative of m**4/4 - m**3/6 - 3*m**2/2 + m - 9. Let t(q) be the first derivative of d(q). What is the tens digit of t(-3)?
2
Let m be (2/7)/((-2)/(-14)). Let i(d) = 9*d**2 - 17*d**3 - 3 - m*d + 2*d + 12*d + 18*d**3. What is the tens digit of i(-6)?
3
Let s be 21*((10 - 11) + -2*7). What is the tens digit of (-3 - s/6)/((-1)/(-2))?
9
Suppose -i + 226 + 208 = 0. Suppose -2*f - 274 = -2*d + 3*f, -3*d - 4*f = -i. What is the units digit of d?
2
Let i = 102 + -61. Let m = -38 - -10. Let s = i + m. What is the units digit of s?
3
Let j(t) = 4*t - 5. Let q be j(18). Suppose c = -h - h + 23, 4*c + 3*h - q = 0. What is the units digit of c?
3
Let s = -2 + 5. Suppose 5*v + 302 = 5*p + 17, s*p - 164 = -4*v. What is the units digit of p?
6
Suppose 3*v - 3501 - 5616 = -4*l, -15 = 5*l. What is the units digit of v?
3
Let d = 128 + -122. Let p(i) = i**2 + 7*i - 6. Let j be p(-7). What is the units digit of d/18 - 4/j?
1
Suppose 5*x - 40 = -3*x. Suppose -3*t = 2*t + b - 372, 5*t - x*b - 360 = 0. What is the tens digit of t?
7
Let x be (-4*71)/(29/29). Let b = -183 - x. What is the units digit of b?
1
Let h(o) = -4*o - 21. Let f be h(-6). Suppose -2*j + 125 = f*j. Suppose -2*q - s = -77, -2*q + q = -4*s - j. What is the tens digit of q?
3
What is the units digit of 232/(0 + 8) + -4?
5
Suppose -2*y - 2*j + 20 = 6, 2*y = -4*j + 24. Suppose -156 = -s - y*s + 5*x, 3*x = 9. What is the units digit of s?
7
Let k = -208 - -460. Suppose -6*j + k = -2*j. What is the units digit of j?
3
Suppose -2*g + 1024 = -5*l, -4*l + 1554 = 5*g - 940. Suppose w = -2*b + 6*b + 86, 5*w + 4*b - g = 0. What is the tens digit of w?
9
Suppose -5*o + 289 = 34. Suppose 0 = -3*b + o + 171. What is the tens digit of b?
7
Suppose 4*d = 868 + 456. What is the hundreds digit of d?
3
Suppose 0 = 6*f - 659 + 173. Suppose -2*g = 2, g + 0*g = 4*p - f. What is the units digit of p?
0
Let m = -5 - -5. What is the units digit of m/2 + -3 + 65 + -1?
1
Let j(k) = -k**3 - 10*k**2 + 12*k + 11. Let g be j(-11). Suppose g = 3*d + 5*d - 552. What is the tens digit of d?
6
Let t = 11 - 18. Let q = t + 70. What is the units digit of q?
3
Suppose 3*m = l - 15, -4*l - 3*m - m - 4 = 0. Suppose l*x - 390 = -2*x. What is the tens digit of x?
7
Suppose 3*b + 2*d = 2963, 8*b + d = 13*b - 4947. What is the tens digit of b?
8
Let h be ((-2)/(-3))/(1/36). Suppose h - 4 = -5*p. Let j = p - -8. What is the units digit of j?
4
Suppose -14*v = -10*v + 3*g - 10324, 0 = -2*v - 3*g + 5162. What is the tens digit of v?
8
Let c be (60/(-36))/((-1)/3). What is the tens digit of (1 - 2)*(-22 + c)?
1
Let v be (-24)/(-108) + 4/(-18). Suppose 3*g + 15 = 0, g = 3*j - v*g + 7. Let l(n) = 3*n**2 + 7*n + 10. What is the tens digit of l(j)?
3
Suppose x + 532 = 2*x - 2*b, 0 = 2*x + 4*b - 1088. What is the hundreds digit of x?
5
Let k(t) = -36*t + 1651. What is the tens digit of k(0)?
5
Let d be (-14)/(-3)*(-7 - (-268)/28). What is the hundreds digit of 349/3 - ((-4)/d)/(-1)?
1
What is the tens digit of (-3)/(-9)*-37*(1 + -4)?
3
Let s(t) be the first derivative of 4*t**3/3 - 4*t**2 - 12*t + 58. What is the units digit of s(7)?
8
Let s be 3*(-2)/(-18)*(7 + 2). Suppose -d - 2*k - 25 + 127 = 0, -s*d = k - 286. What is the units digit of d?
4
Let o = -14 - -19. Suppose o*s = 10*s - 165. Let v = 18 + s. What is the units digit of v?
1
What is the thousands digit of (1 + -4135)*(99/18)/(-11)?
2
Let x(n) = n. Let j(m) = 4*m - 32. Let q(k) = j(k) + 3*x(k). What is the units digit of q(15)?
3
Suppose 5*o = 2*g + 831, g - 703 - 119 = -5*o. What is the units digit of o?
5
Let a be (-18)/(-27) + 4/(-6). Suppose a = -15*l + 1469 + 61. What is the hundreds digit of l?
1
Let z(s) = 62*s - 5 + 88*s + 77*s - 208*s. What is the units digit of z(6)?
9
Let a = 5 - 1. What is the units digit of 2*25*(a - 3)?
0
Let y(g) = g + 11. Let d be y(-5). Suppose 0 = -5*h - x + 90, -d*x + 2*x = -20. What is the tens digit of h?
1
What is the tens digit of -16 - -17 - (-1 - 0)*229?
3
Let z(x) = x**3 + 10*x**2 + 8*x - 3. Let a be z(-9). Suppose 4*v - 6*v + a = 0. Suppose 0 = r - v*r + 4. What is the units digit of r?
2
Let d(i) = -20*i - 15. Let t be d(-10). Suppose 4*r - 151 = t. Suppose -2*h - 2*h + r = 0. What is the tens digit of h?
2
Let x = 471 - 319. What is the units digit of (x/28 - 0) + (-3)/7?
5
Let w(h) = -15*h + 3. Let q(z) = 15*z - 4. Let b(u) = -4*q(u) - 5*w(u). What is the tens digit of b(2)?
3
Let c = 685 - -139. What is the units digit of c?
4
Suppose -10 = l - 14. Suppose 3*x - 266 = -6*p + l*p, 5*x = 5*p - 715. What is the tens digit of p?
3
Let z = -17 + 21. Suppose -39 + 19 = -z*r. Suppose -r*j + 17 = -4*j. What is the units digit of j?
7
Let l(u) = 3*u + 22. Let n = -27 + 48. What is the tens digit of l(n)?
8
Suppose -90 = 5*t + 2*r, -2*r - 54 = 4*t - 4*r. Let i = t - -42. Let j = 36 - i. What is the units digit of j?
0
Let d be (-1 + 16/(-3))*-3. Let g = d - 14. Suppose g*x = 133 + 112. What is the tens digit of x?
4
Suppose 0 = -r + 8*r - 84. What is the units digit of (4/r)/((-2)/(-222))?
7
Let n = 1000 - 645. What is the units digit of n?
5
Suppose -10 = -4*u + 2*r, 0*r - 4*r + 16 = u. Suppose 0 = -i - u*i + 35. What is the units digit of 3 + -3 + i - -2?
9
Let t(j) = -5*j - 5. Let p be t(-2). Suppose -5*k + 33 = 3*x - p, -5*x + 26 = -k. Suppose x*d = 7*d - 17. What is the tens digit of d?
1
Let x(g) = g**3 - 13*g**2 + 10*g + 27. Let h be x(12). Suppose h*j - 3 = 0, -4*c + 4*j = -5*c + 27. What is the units digit of c?
3
Let l = -17 + 37. Let b = l - 22. What is the units digit of (-1)/b - 609/(-14)?
4
Let p = -9 - 31. Let n = -23 - p. What is the tens digit of n?
1
Let s(c) = 79*c**2 - 5*c - 